 {"id":2805,"date":"2024-08-06T09:07:22","date_gmt":"2024-08-06T14:07:22","guid":{"rendered":"https:\/\/gmtvlatinos.com\/?post_type=product&#038;p=2805"},"modified":"2024-08-08T15:43:53","modified_gmt":"2024-08-08T20:43:53","slug":"primer-anti-wrinkle-alice-academy","status":"publish","type":"product","link":"https:\/\/gmtvlatinos.com\/index.php\/producto\/primer-anti-wrinkle-alice-academy\/","title":{"rendered":"PRIMER ANTI-WRINKLE Alice Academy"},"content":{"rendered":"<p>Este s\u00e9rum base antiarrugas est\u00e1 dise\u00f1ado para eliminar el brillo no deseado, disminuyendo el exceso de grasa para un efecto mate en el maquillaje. Su f\u00f3rmula es libre de aceites y reduce al instante el tama\u00f1o de los poros.<\/p>\n","protected":false},"excerpt":{"rendered":"<p>Este s\u00e9rum base antiarrugas est\u00e1 dise\u00f1ado para eliminar el brillo no deseado, disminuyendo el exceso de grasa para un efecto mate en el maquillaje. Su f\u00f3rmula es libre de aceites y reduce al instante el tama\u00f1o de los poros.<\/p>\n","protected":false},"featured_media":2806,"comment_status":"open","ping_status":"closed","template":"","meta":{"om_disable_all_campaigns":false,"_monsterinsights_skip_tracking":false,"_monsterinsights_sitenote_active":false,"_monsterinsights_sitenote_note":"","_monsterinsights_sitenote_category":0},"product_cat":[597,596],"product_tag":[],"class_list":{"0":"post-2805","1":"product","2":"type-product","3":"status-publish","4":"has-post-thumbnail","6":"product_cat-alice-academy","7":"product_cat-maquillaje","9":"first","10":"instock","11":"shipping-taxable","12":"purchasable","13":"product-type-simple"},"jetpack_sharing_enabled":true,"amp_enabled":false,"_links":{"self":[{"href":"https:\/\/gmtvlatinos.com\/index.php\/wp-json\/wp\/v2\/product\/2805","targetHints":{"allow":["GET"]}}],"collection":[{"href":"https:\/\/gmtvlatinos.com\/index.php\/wp-json\/wp\/v2\/product"}],"about":[{"href":"https:\/\/gmtvlatinos.com\/index.php\/wp-json\/wp\/v2\/types\/product"}],"replies":[{"embeddable":true,"href":"https:\/\/gmtvlatinos.com\/index.php\/wp-json\/wp\/v2\/comments?post=2805"}],"wp:featuredmedia":[{"embeddable":true,"href":"https:\/\/gmtvlatinos.com\/index.php\/wp-json\/wp\/v2\/media\/2806"}],"wp:attachment":[{"href":"https:\/\/gmtvlatinos.com\/index.php\/wp-json\/wp\/v2\/media?parent=2805"}],"wp:term":[{"taxonomy":"product_cat","embeddable":true,"href":"https:\/\/gmtvlatinos.com\/index.php\/wp-json\/wp\/v2\/product_cat?post=2805"},{"taxonomy":"product_tag","embeddable":true,"href":"https:\/\/gmtvlatinos.com\/index.php\/wp-json\/wp\/v2\/product_tag?post=2805"}],"curies":[{"name":"wp","href":"https:\/\/api.w.org\/{rel}","templated":true}]}}